a factor of 2134043031?
False
Does 64 divide 100032896?
True
Is 811 a factor of 64092060?
False
Is 24 a factor of 70199041?
False
Is 134715605 a multiple of 126?
False
Is 151 a factor of 166621694?
False
Is 1402526460 a multiple of 456?
False
Is 484 a factor of 327368748?
False
Is 283751044 a multiple of 554?
True
Is 1980 a factor of 2762412473?
False
Is 103 a factor of 35203237?
True
Does 661 divide 11237000?
True
Is 4499 a factor of 1834741689?
True
Is 137783600 a multiple of 894?
False
Is 20497856 a multiple of 848?
True
Is 711937777 a multiple of 22?
False
Is 1191 a factor of 655751543?
False
Does 372 divide 210434820?
True
Is 33 a factor of 402903768?
False
Is 18 a factor of 135792576?
True
Does 16 divide 5393366272?
True
Is 20 a factor of 98291181?
False
Does 46 divide 10096080?
True
Is 187050983 a multiple of 781?
False
Is 672 a factor of 46243008?
True
Does 13 divide 1119034310?
False
Is 153 a factor of 9962635?
False
Is 45 a factor of 2444208615?
True
Is 560873466 a multiple of 57?
False
Is 40471137 a multiple of 35?
False
Is 188848592 a multiple of 243?
False
Does 433 divide 1012070385?
True
Is 2149652122 a multiple of 53?
True
Is 64124151 a multiple of 57?
False
Is 8 a factor of 38564502?
False
Is 2189574501 a multiple of 291?
True
Is 139 a factor of 24558945?
False
Is 75 a factor of 1163087550?
True
Is 956464022 a multiple of 3874?
False
Is 22 a factor of 1556624822?
False
Is 7144 a factor of 7010321472?
True
Does 1715 divide 57581125?
True
Is 2319 a factor of 565198275?
True
Is 2271 a factor of 518769072?
True
Is 102 a factor of 9766245?
False
Is 305992855 a multiple of 7?
True
Does 54 divide 18043678?
False
Is 795 a factor of 560431518?
False
Is 5 a factor of 202919175?
True
Does 267 divide 14136849?
True
Does 16 divide 9094895?
False
Is 72492108 a multiple of 5?
False
Is 10470450 a multiple of 50?
True
Does 141 divide 1601946684?
True
Is 2753388420 a multiple of 20?
True
Does 1298 divide 50074244?
True
Is 156 a factor of 61583070?
False
Is 2625227528 a multiple of 14?
True
Is 850 a factor of 9031031?
False
Is 626549895 a multiple of 33?
False
Does 897 divide 253715553?
True
Is 2396715828 a multiple of 1196?
True
Is 29785875 a multiple of 5?
True
Does 335 divide 40053940?
True
Is 19 a factor of 188686036?
True
Does 672 divide 37439136?
True
Is 31026560 a multiple of 36?
False
Is 136202694 a multiple of 654?
True
Is 4 a factor of 653298?
False
Does 2 divide 9053690?
True
Is 38719164 a multiple of 948?
True
Is 17 a factor of 35995154?
True
Is 768 a factor of 89210112?
True
Is 1327529170 a multiple of 55?
True
Is 31 a factor of 13305566?
False
Is 105 a factor of 913493910?
True
Does 35 divide 98384895?
True
Is 437439833 a multiple of 86?
False
Does 209 divide 678657694?
True
Is 40679468 a multiple of 501?
False
Does 1072 divide 64270114?
False
Is 9980 a factor of 1767436337?
False
Is 68182010 a multiple of 1157?
True
Is 596 a factor of 269336572?
True
Does 18 divide 21434936?
False
Does 482 divide 68490772?
False
Is 269467260 a multiple of 60?
True
Is 2176035119 a multiple of 775?
False
Does 82 divide 95507122?
True
Is 498917132 a multiple of 602?
True
Is 37 a factor of 4703771?
False
Is 52 a factor of 13309036?
True
Is 187322088 a multiple of 292?
True
Is 383 a factor of 15473557?
False
Is 36860670 a multiple of 2758?
True
Does 11 divide 3524400?
True
Is 11 a factor of 1563277?
False
Is 73155510 a multiple of 19?
True
Does 2 divide 10038075?
False
Is 5269209138 a multiple of 8637?
True
Is 24 a factor of 37781112?
True
Is 46 a factor of 57840216?
True
Does 6992 divide 4890910992?
True
Does 34 divide 394638?
True
Is 44615593 a multiple of 3183?
False
Is 2274137498 a multiple of 39?
False
Does 249 divide 250250440?
False
Is 1458903770 a multiple of 29?
False
Is 2460 a factor of 728563440?
True
Is 33 a factor of 542360280?
True
Is 9449896 a multiple of 4?
True
Does 3 divide 3465374?
False
Is 125239152 a multiple of 59?
False
Does 11 divide 800492?
True
Is 2584618028 a multiple of 3098?
True
Is 504855046 a multiple of 156?
False
Does 268 divide 2152179866?
False
Does 11 divide 4928781?
True
Does 246 divide 27201815?
False
Does 21 divide 28717792?
False
Does 587 divide 31977999?
True
Is 150684968 a multiple of 84?
False
Does 126 divide 1392876705?
False
Is 195 a factor of 380305575?
True
Does 96 divide 377744142?
False
Is 34 a factor of 79585670?
True
Does 6 divide 15196525?
False
Is 1380004802 a multiple of 41?
False
Is 10 a factor of 478391734?
False
Does 2 divide 7172901?
False
Is 11 a factor of 784156?
False
Is 36 a factor of 1274106420?
True
Is 46405458 a multiple of 198?
True
Does 32 divide 751657952?
True
Does 428 divide 170568700?
True
Does 2 divide 497171?
False
Is 862 a factor of 174476794?
False
Is 529 a factor of 26363645?
False
Is 5693064 a multiple of 1704?
True
Does 4631 divide 2610221471?
True
Is 81929872 a multiple of 232?
True
Is 16797017 a multiple of 5?
False
Does 7 divide 32203031?
True
Is 1751166 a multiple of 84?
False
Is 321 a factor of 558593?
False
Is 21202424 a multiple of 5?
False
Is 1657 a factor of 54613063?
True
Is 470240389 a multiple of 43?
True
Does 14 divide 2029588?
False
Is 142 a factor of 319971096?
False
Is 1201 a factor of 126556465?
False
Does 1497 divide 2323689762?
False
Is 559 a factor of 29775694?
True
Does 1772 divide 815568316?
True
Is 2932 a factor of 478672977?
False
Does 3151 divide 486754323?
False
Is 31 a factor of 60616656?
True
Is 25423815 a multiple of 742?
False
Is 493953 a multiple of 26?
False
Is 93408424 a multiple of 24?
False
Is 8511858 a multiple of 18?
True
Is 184 a factor of 45102192?
False
Does 38 divide 24380144?
False
Is 214285766 a multiple of 85?
False
Is 9 a factor of 21513870?
True
Is 1341 a factor of 387532908?
True
Is 8 a factor of 496774616?
True
Is 309234840 a multiple of 15?
True
Is 777034260 a multiple of 1143?
True
Is 713710279 a multiple of 435?
False
Is 3610 a factor of 230373381?
False
Is 5 a factor of 137636891?
False
Does 91 divide 864966011?
True
Is 1886854817 a multiple of 219?
False
Is 90 a factor of 1180260?
True
Does 6 divide 50284246?
False
Is 11 a factor of 31799688?
False
Is 14129417 a multiple of 1603?
False
Is 68735952 a multiple of 432?
True
Is 14 a factor of 51198910?
True
Is 48500286 a multiple of 43?
False
Is 240 a factor of 1626971?
False
Is 20 a factor of 1516661020?
True
Is 726 a factor of 34155478?
False
Is 451498010 a multiple of 5?
True
Is 472 a factor of 18778048?
True
Does 30 divide 198866670?
True
Is 350 a factor of 1801475900?
True
Is 416114105 a multiple of 11?
True
Is 5750 a factor of 1388911907?
False
Is 543 a factor of 2006125446?
True
Does 6 divide 17190132?
True
Is 68 a factor of 1308816536?
True
Is 7945528 a multiple of 65?
False
Is 16 a factor of 590389488?
True
Is 34194627 a multiple of 9?
True
Does 18 divide 117707742?
True
Is 37 a factor of 579507861?
False
Is 34 a factor of 902641940?
False
Is 75193942 a multiple of 97?
False
Is 20 a factor of 219619240?
True
Does 14 divide 5704937700?
True
Is 13 a factor of 1194196159?
True
Does 123 divide 52742114?
False
Does 3 divide 36094309?
False
Is 1486828412 a multiple of 11?
False
Does 233 divide 6664125?
False
Is 343 a factor of 1144299664?
False
Is 1440 a factor of 6125019?
False
Is 56 a factor of 1413552?
True
Is 5680944 a multiple of 72?
True
Is 393 a factor of 1536137183?
False
Is 113060730 a multiple of 30?
True
Is 2310387541 a multiple of 6?
False
Does 42 divide 2745215256?
True
Does 14 divide 2400545036?
False
Is 1017980922 a multiple of 796?
False
Does 15 divide 60292125?
True
Does 22 divide 827576?
False
Does 32 divide 203662966?
False
Is 2872 a factor of 3017467838?
False
Is 139939818 a multiple of 94?
False
Is 498932495 a multiple of 235?
True
Is 4700769 a multiple of 2?
False
Does 11 divide 25101461?
True
Does 31 divide 207409034?
True
Is 17362710 a multiple of 206?
True
Is 86575223 a multiple of 57?
False
Does 23 divide 3284293686?
False
Does 593 divide 44447042?
False
Is 23746625 a multiple of 62?
False
Does 3887 divide 1845372685?
True
Is 52546989 a multiple of 43?
True
Does 40 divide 300854822?
False
Is 125 a factor of 2487771177?
False
Does 130 divide 444145284?
False
Is 173163254 a multiple of 11?
True
Is 28 a factor of 45543596?
True
Does 14 divide 64727